= -276, -4*i = o + 286. What is the hundreds digit of (48/i)/(2/3)*-149?
1
Suppose 0 = -15*y + 97 + 938. Let g = y - -171. What is the units digit of g?
0
Let r be (1634/8 + 2)/(4/16). Let z = r - 545. What is the units digit of z?
0
What is the thousands digit of 8509 - (-50 - -10)/(-8)?
8
Let l be -1 + (-8)/12 - (-190520)/30. Suppose 12*v - l = -1465. What is the hundreds digit of v?
4
Suppose 0 = 3*w + 4*h - 101714, 3*h + 5981 + 163552 = 5*w. What is the units digit of w?
6
Let o = 61 + -24. Let n = 133 - o. Suppose 0 = 5*t - 3*c - n, 3*c + 57 = 4*t - 18. What is the tens digit of t?
2
Let r be (-3)/(18/30) - -1*1187. Suppose 10*f - 4*f - r = 0. What is the hundreds digit of f?
1
Suppose -3*q = 4 + 2. Let u be (-264)/(-28)*(q - -16). Let d = 18 + u. What is the units digit of d?
0
Suppose 3*k - 19905 = -5*b, -4*k + 7*k - 2*b - 19884 = 0. What is the units digit of k?
0
Suppose 1258588 + 4208270 = 136*t + 1395426. What is the thousands digit of t?
9
Let n(f) = 1132*f + 1975. What is the thousands digit of n(27)?
2
What is the ten thousands digit of 63385/(-80)*-84 + (-3)/(-4)?
6
Suppose -2*s + 13 - 43 = -3*l, -l - 5*s + 27 = 0. Suppose 4*v - 208 = 2*c, -4*v + 17*c = 20*c - 238. Suppose -v - 89 = -l*f. What is the units digit of f?
2
Suppose -68*u + 169504 + 167844 = 0. What is the hundreds digit of u?
9
Let p = -215 + 221. Suppose -p*u - 81 + 1821 = 0. What is the hundreds digit of u?
2
Let l be (-6)/18 - (-32)/6. Let z = 498 - 254. Suppose z = 2*x - 3*g + g, -g - 626 = -l*x. What is the hundreds digit of x?
1
Let i(z) = 2*z**2 - 14. Let v = -61 - -50. What is the hundreds digit of i(v)?
2
Suppose 0 = 2*o + 5*x - 185, 3*o - 5*x + 7*x = 272. What is the tens digit of ((-56)/(-6))/(10 + (-897)/o)?
8
Let s = -25 + 28. Let p = -7 + s. What is the tens digit of 2 + (-2 - p) + 52?
5
Suppose 58*z + 3154341 - 8772110 = -31*z. What is the units digit of z?
1
Suppose 0 = 598*q - 634*q + 120240. What is the units digit of q?
0
Let n = -87 - -84. Let v be (12 + -153)*1/n. Let s = 209 - v. What is the hundreds digit of s?
1
Let g(h) = -h**2 - 12*h - 17. Let f be g(-8). Suppose -8*u - 17 = f. Let s(t) = -27*t. What is the tens digit of s(u)?
0
Suppose -194*y - 37*y + 3802491 = 0. What is the ten thousands digit of y?
1
Let k(y) = 3407*y**2 + 3*y + 2. What is the hundreds digit of k(-2)?
6
Suppose 7*f = 6*f + 4. Suppose -f*k = -k - 9. Suppose 0 = -2*u + 13 - k, 5*m - 425 = 3*u. What is the tens digit of m?
8
Let m(d) = -2605*d - 10. What is the hundreds digit of m(-3)?
8
Let x(j) = j**3 + 3*j**2 - 5*j - 4. Let h be x(-4). Suppose 2*s + 5*a = -0*s + 783, h = -3*s - 2*a + 1202. What is the hundreds digit of s?
4
What is the units digit of (285/(-21) - -14) + 138252/28?
8
Let y(d) = 416*d + 912. What is the tens digit of y(16)?
6
Suppose -15*w = -6*w - 99. Suppose 1 = 3*z - w. Suppose -a - 2*a - 2*p = -427, -2*p = -z. What is the units digit of a?
1
What is the units digit of (11 + -33 + 157482)*1/2?
0
Let c(z) = -21*z + 17. Let s(k) = 20*k - 17. Let g(l) = 2*c(l) + 3*s(l). Let b = -1129 + 1139. What is the units digit of g(b)?
3
Suppose 0 = 5*t + 2 - 12. Suppose -11*f + t*f + 1710 = 0. What is the hundreds digit of f?
1
Let k(c) be the second derivative of c**3/3 + 16*c**2 + 6*c. Let w be k(-16). Suppose -3*f + 67 + 65 = w. What is the tens digit of f?
4
Suppose 0 = -2*q + 3*n + 6888, 5*n + 1080 = -3*q + 11374. What is the thousands digit of q?
3
Suppose -1737408 - 1309386 = -57*v - 759327. What is the hundreds digit of v?
1
Let i = 893 - -1290. What is the units digit of i?
3
Suppose 22*k = 46 - 2. Let l be (-1 - -1) + -4 + 197. Suppose v = o + l, -778 = -7*v + 3*v + k*o. What is the units digit of v?
6
Let t(y) = -y**3 + 6*y**2 - 2*y - 1. Let q be t(2). Suppose -3907 - 3276 = -q*u. Suppose 188 = -3*i + u. What is the hundreds digit of i?
1
Let a be 1042/(35/(-49) + 2/(-7)). Let p = -625 - a. What is the units digit of p?
7
Suppose -3*d + 13 = 2*z + 2*d, 4*z - 68 = 4*d. Suppose -z*g + 511 = -343. Let p = 49 + g. What is the units digit of p?
0
Let s = -144 + -622. Let n = 1224 + s. What is the units digit of n?
8
Let j(m) be the second derivative of -11*m**3/6 + 3*m. Let x be j(-1). Suppose -58 = -3*u + x. What is the units digit of u?
3
Suppose u - 14109 = -2*c + 25088, -2*c = 3*u - 117587. What is the hundreds digit of u?
1
Let f(d) = 10*d + 30. Let z be f(6). What is the units digit of 5 + -12*z/(-27)?
5
Let d = 12 - -10. Let s be d/(-4)*(-9220)/10. What is the units digit of 1/(-5) + s/55?
2
Suppose -5*s - 5*o = 0, 0*o + 5 = -2*s + 3*o. Let u(f) = -f**3 + 63*f**2 - 184*f + 239. Let z be u(60). What is the tens digit of 4 - (-9 - z)*-25*s?
0
What is the tens digit of (-322)/(-4347) + (-919263)/(-81)?
4
Let d be 1 - (-6)/(0 + 3). Let i be (-5 - -2) + 396/4. Suppose 0 = d*l - i - 0. What is the tens digit of l?
3
Let b = 388 + -116. Let f = b + -480. What is the tens digit of (-17 - -19) + (1 - f)?
1
Let f = 5715 + -2853. Suppose 5*h = 11*h - f. What is the tens digit of h?
7
Let f(s) = 646*s + 238. What is the ten thousands digit of f(18)?
1
Suppose 391 - 411 = -4*o. Suppose 3*l + o*i - 826 = 0, -871 = -5*l - 3*i + 479. What is the tens digit of l?
6
Let x = 60 + -56. Suppose 3*n + 1069 = x*h + 2924, -4*h = -4*n + 2472. What is the units digit of n?
7
Let p(c) be the third derivative of 391*c**4/24 - 109*c**3/6 + 3*c**2 - 19. What is the hundreds digit of p(2)?
6
Suppose -3*p - 5*z - 135 = -2*z, 0 = 5*p - 4*z + 234. Suppose 0*a = -4*a - 2*s + 136, 2*a - 2*s - 56 = 0. Let k = a - p. What is the tens digit of k?
7
Suppose b + 18 = -4*v, -8*b - 2*v = -9*b + 12. Suppose -b*c + 5 = -131. What is the units digit of c?
8
What is the units digit of (-9 + 16 + -9)/(2/(-5646))?
6
Let j(h) = h**2 - 25. Let k be j(5). Suppose 19*o - 3*o - 1648 = k. What is the units digit of o?
3
Let m = -199 + 83. Let l = -39 - m. Suppose 11*a + 0*a = l. What is the units digit of a?
7
Let i(x) = 1296*x**2 - 153*x - 49. What is the thousands digit of i(6)?
5
Let t be (-600)/10*(-22)/8. Let c = t - 40. What is the hundreds digit of c?
1
Let p(x) = -x**3 - 16*x**2 + 24*x + 209. What is the units digit of p(-17)?
0
Let b(x) = 3923*x - 9. Let f(p) = -1308*p + 3. Let z(m) = -2*b(m) - 7*f(m). Let o be z(1). Suppose -473 = -10*g + o. What is the hundreds digit of g?
1
What is the units digit of 6447 - 72/(-7 - 5)?
3
Suppose b = -1, j + 3*b + 32 = 3. Let z(p) = -p**3 - 26*p**2 + 3. Let y be z(j). Suppose -6*a + 189 = y*a. What is the units digit of a?
1
Suppose 2*m = -5*z - 9, -z - 24 = 2*z - 5*m. What is the tens digit of -5 - -6 - -77 - z?
8
Let y(u) = u**2 - 13*u + 9. Let s be y(13). Suppose 4*a + 3*f + 15 = -2*f, 5*a + 3*f = -s. What is the tens digit of a - 0 - (-125 + -2 - -3)?
2
Let r be (0 + -1)/(13/(-98488)). Suppose 9*n - 17*n = -r. What is the units digit of n?
7
Let z = -55 + 65. Suppose 4 = -2*k + z. Suppose -4*v + n = -372, 92 + 94 = 2*v + k*n. What is the units digit of v?
3
Let v(b) = b + 6. Let r be v(-10). Let s be (36/8 + r)*30 + 1. Let h = s + 175. What is the tens digit of h?
9
Suppose m = -8 + 19. Suppose 6*z - 868 = 3*g + m*z, -2*g = -4*z + 608. What is the hundreds digit of g/(-6)*(-2 + 5)?
1
Let v(f) = -6103*f + 1644. What is the hundreds digit of v(-6)?
2
Suppose -9 - 21 = 5*o. Let y(a) = 8*a**2 + 26*a + 7. Let d(w) = -15*w**2 - 53*w - 14. Let v(u) = o*d(u) - 11*y(u). What is the tens digit of v(-18)?
7
Suppose 0 = 4*n + 4*t + 22688 - 57852, -n + 2*t = -8788. What is the hundreds digit of n?
7
Suppose -3*q + 4 - 7 = 5*d, -2*q = -5*d - 23. Suppose v - q*g - 267 = 0, -4*v + 3*g = 450 - 1557. What is the hundreds digit of v?
2
Suppose 83*f + 65*f = 93*f + 4260080. What is the tens digit of f?
5
Suppose 3*j = -1 + 19. Let b be 1/(70/(-24) + 3). What is the units digit of 34/4 + j/b?
9
What is the units digit of (242649/114)/((-1)/(-2))?
7
Let a(m) = 14*m + 42. Let j be a(-3). Suppose j = 5*d + u - 834, 3*d + 5*u - u = 497. What is the hundreds digit of d?
1
Let c = 168 + -104. Let m = c + -5. What is the tens digit of m?
5
Let w(z) = 11*z - 17. Let v be w(2). Suppose -4*f = -2*q - 63 - 1, 0 = -v*f + 25. What is the tens digit of 3*6*q/(-11) + -2?
3
Let v(r) = -5*r**3 - 14*r**2 - 3*r - 8. Let z(i) = -19*i**3 - 55*i**2 - 11*i - 33. Let w(l) = -22*v(l) + 6*z(l). What